est common divisor of 465 and 142445?
155
Calculate the highest common factor of 2015280 and 864.
432
What is the highest common divisor of 19640 and 16?
8
What is the highest common divisor of 122368 and 4?
4
Calculate the greatest common divisor of 3002 and 11692.
158
What is the highest common divisor of 27052 and 32?
4
Calculate the highest common factor of 10205 and 3510.
65
What is the highest common factor of 18 and 419166?
18
Calculate the highest common factor of 97974 and 81.
9
What is the greatest common divisor of 15950 and 106720?
290
Calculate the greatest common factor of 1035 and 306567.
207
What is the highest common factor of 164 and 332018?
82
What is the greatest common divisor of 9425 and 2838810?
1885
What is the greatest common divisor of 33 and 268147?
11
What is the greatest common factor of 483 and 345023?
161
Calculate the highest common divisor of 9 and 51468.
3
What is the highest common divisor of 10922 and 1118?
86
Calculate the greatest common factor of 2832 and 82368.
48
What is the greatest common factor of 82212 and 585?
39
What is the greatest common divisor of 423 and 10763?
47
What is the greatest common divisor of 67455 and 306?
9
What is the greatest common divisor of 595 and 53635?
85
What is the greatest common divisor of 238648 and 2?
2
What is the greatest common divisor of 112018 and 18?
2
Calculate the greatest common factor of 601790 and 140.
70
What is the highest common factor of 4031 and 3045?
29
What is the greatest common divisor of 348 and 9657?
87
What is the greatest common divisor of 1230886 and 186?
62
Calculate the greatest common divisor of 20130 and 5885.
55
Calculate the greatest common factor of 9698 and 880280.
746
What is the greatest common divisor of 103493 and 494?
247
What is the greatest common factor of 1710 and 6939750?
570
Calculate the greatest common divisor of 184336 and 1312.
656
What is the highest common divisor of 880 and 55?
55
Calculate the highest common factor of 270640 and 176.
16
What is the highest common factor of 215 and 26101?
43
What is the greatest common factor of 2 and 10251?
1
Calculate the greatest common divisor of 33182 and 1598.
94
Calculate the greatest common divisor of 14117 and 7430.
743
What is the greatest common factor of 10 and 35590?
10
What is the highest common factor of 325512 and 5940?
1188
What is the greatest common divisor of 42630 and 18130?
490
Calculate the greatest common divisor of 1243825 and 55.
55
What is the greatest common divisor of 81 and 4717197?
81
Calculate the greatest common divisor of 150841 and 10013.
323
What is the highest common factor of 1389336 and 16?
8
What is the highest common factor of 55544 and 12?
4
Calculate the greatest common divisor of 1732 and 1268.
4
Calculate the greatest common factor of 21 and 156576.
21
Calculate the highest common divisor of 2240 and 288.
32
Calculate the highest common divisor of 35386 and 598.
26
Calculate the greatest common divisor of 5445 and 11493.
9
Calculate the highest common divisor of 733 and 2384449.
733
Calculate the greatest common factor of 180 and 6570.
90
Calculate the highest common factor of 252 and 285327.
63
Calculate the highest common factor of 1130 and 395726.
226
What is the highest common divisor of 1460 and 276?
4
Calculate the highest common divisor of 39222 and 45.
9
Calculate the highest common divisor of 498 and 394582.
166
Calculate the highest common factor of 1204949 and 41.
41
Calculate the greatest common factor of 230832 and 17640.
504
Calculate the highest common divisor of 63818 and 612.
34
What is the greatest common factor of 5278 and 158704?
182
What is the highest common factor of 3629 and 75827?
191
What is the greatest common divisor of 2469050 and 1243?
113
What is the highest common divisor of 1930 and 590?
10
Calculate the highest common factor of 13740 and 2355.
15
Calculate the greatest common factor of 200 and 21725.
25
What is the greatest common divisor of 6165 and 144?
9
Calculate the greatest common factor of 63650 and 425.
25
What is the highest common factor of 373122 and 114?
114
What is the greatest common factor of 33 and 921?
3
What is the greatest common divisor of 24474 and 6?
6
What is the greatest common divisor of 416 and 236912?
208
What is the greatest common divisor of 2112315 and 795?
795
Calculate the greatest common divisor of 540931 and 452.
113
What is the greatest common factor of 16 and 63024?
16
Calculate the highest common factor of 26 and 4043.
13
What is the greatest common factor of 85 and 1720?
5
Calculate the greatest common divisor of 1762408 and 8.
8
Calculate the greatest common divisor of 102 and 2516.
34
Calculate the highest common factor of 4752 and 16368.
528
Calculate the highest common divisor of 6 and 707754.
6
Calculate the greatest common factor of 2364663 and 231.
21
Calculate the greatest common factor of 5450 and 66490.
1090
Calculate the highest common divisor of 3161 and 14279.
109
What is the highest common divisor of 3270124 and 11?
11
What is the greatest common divisor of 8194 and 816?
34
What is the greatest common factor of 530 and 79818?
106
What is the highest common divisor of 206262 and 12?
6
Calculate the highest common factor of 18194 and 3366.
22
Calculate the highest common divisor of 1352 and 4569084.
676
What is the highest common factor of 149375 and 478?
239
What is the greatest common factor of 6550 and 56?
2
Calculate the highest common divisor of 203 and 33985.
7
What is the greatest common factor of 250 and 4350?
50
What is the greatest common divisor of 512 and 73984?
256
What is the highest common divisor of 16085 and 45?
5
What is the greatest common divisor of 1310 and 12770?
10
What is the greatest common divisor of 53 and 201029?
53
What is the highest common factor of 43337 and 28?
7
Calculate the highest common factor of 355 and 10.
5
Calculate the highest common divisor of 2020 and 1830.
10
What is the greatest common divisor of 20 and 1708810?
10
Calculate the greatest common factor of 306617 and 654.
109
What is the greatest common divisor of 1439217 and 234?
117
Calculate the highest common divisor of 577567 and 41.
41
Calculate the highest common factor of 1980 and 3880.
20
What is the greatest common factor of 6137 and 1083?
361
Calculate the greatest common factor of 210 and 384594.
42
What is the highest common factor of 2 and 4770?
2
Calculate the highest common divisor of 272 and 8500.
68
What is the greatest common factor of 376 and 308978?
94
Calculate the greatest common divisor of 684 and 5985.
171
What is the highest common divisor of 665 and 102942?
133
What is the highest common factor of 6 and 359361?
3
Calculate the greatest common divisor of 2856075 and 150.
75
What is the highest common factor of 269 and 145529?
269
Calculate the highest common factor of 13981 and 33077.
341
Calculate the highest common factor of 39952 and 1056.
176
What is the greatest common divisor of 32435 and 91?
13
Calculate the highest common factor of 162234 and 54.
18
Calculate the highest common divisor of 360 and 6615.
45
Calculate the greatest common factor of 593128 and 1510.
302
What is the highest common factor of 2651 and 451393?
241
What is the greatest common divisor of 87 and 2313?
3
What is the greatest common divisor of 352 and 10880?
32
Calculate the highest common factor of 7249853 and 13.
13
Calculate the highest common factor of 1393 and 16023679.
1393
What is the highest common divisor of 58652 and 1075?
43
What is the greatest common factor of 3354 and 16848?
78
What is the highest common factor of 24319 and 83?
83
Calculate the highest common factor of 95396 and 4.
4
What is the greatest common divisor of 218 and 1417?
109
Calculate the greatest common factor of 11308 and 2739.
11
What is the highest common factor of 6996 and 1509387?
1749
Calculate the highest common factor of 213048 and 2475.
99
What is the greatest common divisor of 3894360 and 60?
60
What is the greatest common factor of 5908 and 1428?
28
What is the highest common factor of 2989 and 86191?
49
What is the highest common divisor of 7562 and 4275?
19
What is the highest common divisor of 125 and 538475?
25
Calculate the highest common divisor of 14204 and 3